425886447 a prime number?
False
Is 613388053 composite?
False
Is 35978567347 composite?
False
Is 3952456829 a composite number?
False
Is 1678301837 a composite number?
True
Is 441384509 a prime number?
False
Is 50871003359 prime?
False
Is 2267545753 composite?
True
Is 465063007 prime?
True
Is 144855757 prime?
True
Is 87773999 a prime number?
True
Is 319203757 a composite number?
False
Is 2938015739 a prime number?
False
Is 127321787 composite?
False
Is 3032569381 a prime number?
False
Is 64336881845 prime?
False
Is 68099438707 composite?
False
Is 5678560127 a prime number?
True
Is 368453773 prime?
True
Is 15565702277 composite?
True
Is 3660992633 prime?
True
Is 187401371 a composite number?
False
Is 11465507 a prime number?
False
Is 118799862837 prime?
False
Is 2986073479 a prime number?
False
Is 59514096427 a composite number?
False
Is 8248358597 a composite number?
True
Is 1194415603 a prime number?
True
Is 46946297653 a prime number?
False
Is 3176616259 a prime number?
True
Is 1117829693 a composite number?
True
Is 226162403 prime?
True
Is 102231510919 a composite number?
False
Is 9479758565 prime?
False
Is 18546245681 a prime number?
True
Is 535648691 a composite number?
False
Is 51095852806 composite?
True
Is 99968977 a composite number?
False
Is 1906382711 composite?
True
Is 7493156309 a composite number?
False
Is 18343548061 composite?
True
Is 16523642737 composite?
True
Is 222851177 a composite number?
True
Is 193849282049 composite?
False
Is 13761438151 a prime number?
True
Is 11385425263 a prime number?
True
Is 106012843 a prime number?
False
Is 31016541077 a prime number?
True
Is 6837037451 composite?
True
Is 12506389429 a composite number?
True
Is 9173965469 composite?
False
Is 261285961 a prime number?
True
Is 35190476383 a composite number?
False
Is 572067649 a composite number?
True
Is 1040159173 prime?
False
Is 19471639771 prime?
True
Is 1807803587 a prime number?
True
Is 25293521293 a prime number?
True
Is 764036239 a prime number?
True
Is 2918224489 a composite number?
False
Is 135349901 composite?
True
Is 2639373469 a composite number?
True
Is 3314512067 a composite number?
False
Is 9680139331 composite?
False
Is 2968178113 prime?
True
Is 2051570167 prime?
True
Is 9940354091 a prime number?
True
Is 476918251 prime?
False
Is 598508609 composite?
True
Is 302678917 prime?
True
Is 119046371 a composite number?
True
Is 124595189 a composite number?
True
Is 20160970073 a prime number?
True
Is 113008917391 composite?
True
Is 24005567263 composite?
True
Is 41513941001 composite?
True
Is 1904161379 composite?
False
Is 12820051813 a prime number?
True
Is 121135987139 a composite number?
True
Is 20644735091 a composite number?
False
Is 101782543 a prime number?
True
Is 376249217 a prime number?
False
Is 7634242943 a composite number?
True
Is 113896098353 composite?
False
Is 5728786289 prime?
True
Is 5890362649 a composite number?
True
Is 40545241189 a prime number?
False
Is 221946813409 a composite number?
False
Is 5975288763 a composite number?
True
Is 4457366913 prime?
False
Is 7746422059 a composite number?
False
Is 713937043 a prime number?
False
Is 19015903187 prime?
True
Is 4779454799 prime?
False
Is 3067398379 a prime number?
True
Is 6629598257 composite?
False
Is 921639191 prime?
False
Is 66145073149 prime?
False
Is 28193112061 a prime number?
False
Is 50576938591 a composite number?
False
Is 30820589323 a composite number?
False
Is 201169939 composite?
False
Is 267420683 a composite number?
True
Is 924699931 a composite number?
True
Is 949367327 composite?
False
Is 6695366191 a prime number?
False
Is 488637811 composite?
False
Is 13386543083 composite?
True
Is 3147026731 composite?
False
Is 34056250307 prime?
False
Is 162424211 composite?
False
Is 1416087073 prime?
True
Is 936565001 composite?
False
Is 1089557237 prime?
True
Is 11279964655 a prime number?
False
Is 13740459907 prime?
True
Is 414849559 composite?
True
Is 78551594057 prime?
True
Is 2359877249 a composite number?
False
Is 13182360947 a composite number?
True
Is 26726000801 a composite number?
False
Is 323605459 prime?
False
Is 2912234887 composite?
True
Is 252824693395 a composite number?
True
Is 1336147721 a prime number?
False
Is 63786463 prime?
False
Is 763845751 prime?
False
Is 29213400379 a composite number?
True
Is 8931863549 a prime number?
False
Is 51827417123 a composite number?
False
Is 3757595641 a composite number?
False
Is 11835850241 composite?
False
Is 5364809887 prime?
True
Is 37645277489 prime?
False
Is 4394308129 composite?
False
Is 341783927 a composite number?
True
Is 646432601 prime?
False
Is 2062411717 composite?
False
Is 4439743169 a prime number?
True
Is 567578729 a prime number?
True
Is 112479455989 a composite number?
True
Is 26281110851 prime?
True
Is 1640914981 a composite number?
False
Is 119485711 a composite number?
True
Is 185857631 composite?
True
Is 11528055137 a composite number?
False
Is 246568812499 a prime number?
False
Is 63613225583 a prime number?
False
Is 4783998601 a composite number?
True
Is 1066752241 a composite number?
True
Is 85316523103 a prime number?
False
Is 6134250523 prime?
True
Is 965742109 prime?
True
Is 108405463403 prime?
False
Is 3563683219 a composite number?
False
Is 36828774947 a composite number?
False
Is 1407797465 prime?
False
Is 2790560141 a prime number?
True
Is 698719141 composite?
False
Is 4042442909 composite?
False
Is 1065066593 prime?
True
Is 571949701 prime?
True
Is 111275513 a composite number?
True
Is 712703513 composite?
True
Is 9920832599 a composite number?
False
Is 1099385281 prime?
True
Is 1208045359 a composite number?
False
Is 36579729281 a composite number?
False
Is 428775779 a composite number?
True
Is 11335277333 prime?
True
Is 5328229583 prime?
True
Is 129586551239 composite?
True
Is 1543652371 prime?
True
Is 740930357 composite?
False
Is 8260429677 a prime number?
False
Is 9554381 prime?
True
Is 51402700307 prime?
False
Is 1367916911 a prime number?
True
Is 125946966711 composite?
True
Is 414818791 prime?
False
Is 90798808983 a prime number?
False
Is 6036553823 composite?
False
Is 52200816439 a prime number?
True
Is 221470373 composite?
True
Is 34982656547 prime?
True
Is 16427017813 a prime number?
True
Is 4765613059 a prime number?
False
Is 6910812683 composite?
True
Is 39310997347 prime?
False
Is 96244231 prime?
True
Is 442679599 a prime number?
True
Is 384988673 composite?
False
Is 15180050407 a composite number?
True
Is 107234732749 a prime number?
True
Is 11547734041 composite?
True
Is 141790781 prime?
False
Is 1323361219 a prime number?
True
Is 524401861 prime?
True
Is 574931809 composite?
True
Is 259065508531 a prime number?
True
Is 9571722317 a composite number?
True
Is 2067549623 a prime number?
True
Is 1311766039 composite?
True
Is 2335791233 a prime number?
True
Is 540482629 composite?
False
Is 3798326438 prime?
False
Is 84037382179 composite?
False
Is 1944322073 a prime number?
True
Is 3244591841 composite?
True
Is 10179504362 a prime number?
False
Is 2254525547 prime?
False
Is 3893201239 prime?
True
Is 1059409955 composite?
True
Is 872238613 a composite number?
False
Is 600294059 a composite number?
True
Is 1297943441 composite?
False
Is 240989681 a prime number?
False
Is 6369770807 a composite number?
False
Is 288485861 a composite number?
False
Is 431410939 a composite number?
False
Is 111854387149 a composite number?
False
Is 3338955307 a prime number?
False
Is 247975103 composite?
False
Is 538052639 a prime number?
False
Is 2409902819 a composite number?
False
Is 15302654051 composite?
False
Is 752692979 composite?
True
Is 220513619983 a prime number?
True
Is 961344959 prime?
True
Is 100164594433 prime?
False
Is 2278051973 a composite number?
False
Is 3082405169 prime?
False
Is 1468749809 a prime number?
True
Is 53835891233 prime?
True
Is 7962556391 a prime number?
True
Is 967090429 a prime number?
False
Is 1962594397 prime?
True
Is 9234762557 prime?
False
Is 9293824663 a prime number?
True
Is 23512993769 a prime number?
True
Is 327647687 composite?
True
Is 968215561 prime?
False
Is 415623787 composite?
True
Is 100402231 a composite number?
True
Is 919498453 a composite number?
True
Is 250222649 prime?
True
Is 230521349 a composite number?
False
Is 66727025